nder when 9242555 is divided by 13.
10
Calculate the remainder when 39206 is divided by 3266.
14
Calculate the remainder when 34844 is divided by 23.
22
Calculate the remainder when 2863 is divided by 37.
14
What is the remainder when 3532 is divided by 23?
13
What is the remainder when 1319 is divided by 422?
53
What is the remainder when 5618 is divided by 75?
68
Calculate the remainder when 50359 is divided by 50.
9
Calculate the remainder when 6684 is divided by 155.
19
Calculate the remainder when 179 is divided by 33.
14
Calculate the remainder when 53969 is divided by 30.
29
What is the remainder when 134984 is divided by 469?
381
What is the remainder when 35160 is divided by 4?
0
What is the remainder when 145758 is divided by 3469?
60
Calculate the remainder when 135405 is divided by 42.
39
Calculate the remainder when 215886 is divided by 23.
8
Calculate the remainder when 1684 is divided by 799.
86
Calculate the remainder when 433 is divided by 19.
15
Calculate the remainder when 8661 is divided by 2.
1
What is the remainder when 1558 is divided by 49?
39
Calculate the remainder when 1875899 is divided by 1300.
1299
Calculate the remainder when 37746 is divided by 66.
60
What is the remainder when 1944 is divided by 233?
80
What is the remainder when 545 is divided by 171?
32
What is the remainder when 274023 is divided by 91339?
6
What is the remainder when 18878 is divided by 160?
158
What is the remainder when 29932 is divided by 76?
64
Calculate the remainder when 7171 is divided by 653.
641
Calculate the remainder when 24834 is divided by 8271.
21
What is the remainder when 64 is divided by 54?
10
What is the remainder when 15627 is divided by 177?
51
Calculate the remainder when 985 is divided by 35.
5
Calculate the remainder when 58356 is divided by 1103.
1000
What is the remainder when 145 is divided by 60?
25
Calculate the remainder when 275822 is divided by 9510.
32
Calculate the remainder when 606 is divided by 204.
198
What is the remainder when 18111 is divided by 852?
219
Calculate the remainder when 936 is divided by 312.
0
What is the remainder when 70467 is divided by 8?
3
What is the remainder when 1129748 is divided by 25?
23
Calculate the remainder when 1748 is divided by 463.
359
Calculate the remainder when 145627 is divided by 48.
43
What is the remainder when 335971 is divided by 142?
141
What is the remainder when 84323 is divided by 788?
7
Calculate the remainder when 178378 is divided by 18.
16
What is the remainder when 32224 is divided by 976?
16
What is the remainder when 34028 is divided by 164?
80
Calculate the remainder when 884683 is divided by 168.
163
Calculate the remainder when 33233 is divided by 4152.
17
What is the remainder when 47400 is divided by 11849?
4
What is the remainder when 24655 is divided by 244?
11
What is the remainder when 21059 is divided by 3508?
11
What is the remainder when 7751 is divided by 24?
23
What is the remainder when 9069 is divided by 487?
303
Calculate the remainder when 729413 is divided by 35.
13
Calculate the remainder when 1130982 is divided by 512.
486
Calculate the remainder when 232048 is divided by 7.
5
Calculate the remainder when 7000 is divided by 47.
44
Calculate the remainder when 3649 is divided by 640.
449
What is the remainder when 13126 is divided by 381?
172
What is the remainder when 5781 is divided by 589?
480
Calculate the remainder when 315855 is divided by 20.
15
What is the remainder when 103113 is divided by 17185?
3
What is the remainder when 32185 is divided by 211?
113
What is the remainder when 1216 is divided by 1200?
16
Calculate the remainder when 77456 is divided by 2216.
2112
What is the remainder when 11955 is divided by 5973?
9
Calculate the remainder when 7485 is divided by 178.
9
What is the remainder when 61316 is divided by 81?
80
What is the remainder when 89787 is divided by 2570?
2407
Calculate the remainder when 4331 is divided by 703.
113
What is the remainder when 56819 is divided by 3325?
294
What is the remainder when 509 is divided by 20?
9
Calculate the remainder when 3851 is divided by 3825.
26
Calculate the remainder when 634738 is divided by 211576.
10
Calculate the remainder when 39129 is divided by 477.
15
Calculate the remainder when 11662 is divided by 3887.
1
What is the remainder when 23666 is divided by 30?
26
What is the remainder when 5922 is divided by 171?
108
Calculate the remainder when 153 is divided by 125.
28
Calculate the remainder when 584886 is divided by 292443.
0
Calculate the remainder when 97360 is divided by 18.
16
Calculate the remainder when 147464 is divided by 384.
8
What is the remainder when 53010 is divided by 457?
455
What is the remainder when 28116 is divided by 287?
277
Calculate the remainder when 33050 is divided by 972.
2
Calculate the remainder when 2698 is divided by 490.
248
What is the remainder when 655 is divided by 206?
37
What is the remainder when 14218 is divided by 1292?
6
What is the remainder when 334 is divided by 283?
51
Calculate the remainder when 1690 is divided by 337.
5
What is the remainder when 36831 is divided by 113?
106
What is the remainder when 6614 is divided by 1646?
30
Calculate the remainder when 1821 is divided by 1814.
7
Calculate the remainder when 25486 is divided by 26.
6
What is the remainder when 12680 is divided by 4120?
320
Calculate the remainder when 33530 is divided by 16759.
12
Calculate the remainder when 187886 is divided by 551.
546
What is the remainder when 15501 is divided by 37?
35
Calculate the remainder when 18379 is divided by 377.
283
What is the remainder when 3825 is divided by 315?
45
Calculate the remainder when 157182 is divided by 256.
254
What is the remainder when 7478 is divided by 44?
42
Calculate the remainder when 2319 is divided by 22.
9
What is the remainder when 97230 is divided by 406?
196
What is the remainder when 4094 is divided by 125?
94
Calculate the remainder when 30687 is divided by 198.
195
Calculate the remainder when 2491 is divided by 104.
99
Calculate the remainder when 150691 is divided by 554.
3
Calculate the remainder when 3318 is divided by 162.
78
What is the remainder when 8498 is divided by 70?
28
Calculate the remainder when 1211 is divided by 214.
141
What is the remainder when 129778 is divided by 180?
178
Calculate the remainder when 1466 is divided by 410.
236
Calculate the remainder when 51868 is divided by 44.
36
What is the remainder when 64903 is divided by 21603?
94
What is the remainder when 324971 is divided by 34?
33
Calculate the remainder when 73153 is divided by 243.
10
Calculate the remainder when 40652 is divided by 128.
76
Calculate the remainder when 47997 is divided by 210.
117
Calculate the remainder when 29133 is divided by 380.
253
What is the remainder when 7149 is divided by 1785?
9
What is the remainder when 2078 is divided by 616?
230
What is the remainder when 5021 is divided by 313?
13
Calculate the remainder when 19485 is divided by 112.
109
Calculate the remainder when 568776 is divided by 1451.
1435
Calculate the remainder when 224059 is divided by 461.
13
What is the remainder when 66532 is divided by 3696?
4
What is the remainder when 71120 is divided by 13?
10
What is the remainder when 16898 is divided by 147?
140
What is the remainder when 1072 is divided by 121?
104
What is the remainder when 20979 is divided by 6989?
12
Calculate the remainder when 1862698 is divided by 7.
5
Calculate the remainder when 15889 is divided by 274.
271
Calculate the remainder when 1039 is divided by 54.
13
Calculate the remainder when 332 is divided by 318.
14
Calculate the remainder when 10264 is divided by 435.
259
Calculate the remainder when 107588 is divided by 53.
51
Calculate the remainder when 4209 is divided by 1360.
129
Calculate the remainder when 72783 is divided by 509.
505
What is the remainder when 1223 is divided by 583?
57
Calculate the remainder when 1306 is divided by 883.
423
Calculate the remainder when 11829 is divided by 40.
29
Calculate the remainder when 930 is divided by 313.
304
What is the remainder when 138907 is divided by 69445?
17
What is the remainder when 1220383 is divided by 226?
209
Calculate the remainder when 33064 is di